digit of p(0)?
2
Let t = 120 + -170. Let z = t - -52. What is the units digit of z*((-1)/4 - 14/(-8))?
3
Suppose -4*j + 2 = l - 1, -4*j - 4*l = -12. Suppose 5*v + 4*m = j, 4*v + m = 5*m. Suppose v = 4*t - 119 - 197. What is the units digit of t?
9
Let a(w) = w**2 + w + 9. Suppose 0 = 8*c - c. Let k be -14 + (0 - c/(-5)). What is the hundreds digit of a(k)?
1
Suppose -2*g = -4*g + 6. Suppose 4*x - 24 = -g*t + 7, 3*t = 5*x + 22. Suppose -10*u + t*u = -39. What is the units digit of u?
9
What is the units digit of 2/(-2)*10/(-4) + 138775/14?
5
What is the thousands digit of 9610/(0 - -2) + 93/93?
4
Suppose -75 = 11*z - 119. Suppose 7184 = z*i + 1792. What is the thousands digit of i?
1
Suppose 4*j + 6 = 2*v - j, -4*j = 5*v + 18. Let n be (-2 + 1)/(v/(-34)). What is the tens digit of (-53)/(-2)*(n + 19)?
5
Let k = -48 - -53. Suppose -n + 5*n = 3*l + 1097, k*n + 4*l = 1348. Let z = n + -96. What is the hundreds digit of z?
1
Let q(r) = -r**3 + 13*r**2 + 8*r + 6. Let b be q(10). Suppose 3*n = -41 + b. What is the tens digit of n?
1
Let m be 4/(-24) + (-161)/42. Let p(u) = -7*u**3 - 6*u**2 - 6*u + 5. What is the hundreds digit of p(m)?
3
Suppose 3*o = 7*o - 44. Let a(q) = q**3 - 112 - 41 + 191 - 10*q**2 + 6*q. What is the hundreds digit of a(o)?
2
Let a(m) = 284*m**2 + 17*m - 37. What is the tens digit of a(2)?
3
Let h(a) = -a**3 + 10*a**2 - 4*a - 39. Suppose 0 = -c + 2, 0*s + 1 = -s + 5*c. Let n be h(s). Suppose -107 - 217 = -n*z. What is the units digit of z?
4
What is the units digit of (-44620)/(-16)*864/360?
3
Suppose 12 = 4*u, 154*u = 2*o + 157*u - 18131. What is the units digit of o?
1
Let g(k) = 243*k**2 - 46*k - 601. What is the thousands digit of g(-12)?
4
Suppose q + 2*m = 5369 - 1087, -5*m - 8555 = -2*q. What is the thousands digit of q?
4
Let t = -4840 + 7346. Suppose -4*m + 74 = -t. Suppose 0 = -6*w + 2085 - m. What is the tens digit of w?
4
Let j(m) = -m**2 + m + 3. Let c(a) = -8*a**2 + 23*a + 39. Let f(g) = -c(g) + 3*j(g). What is the tens digit of f(-12)?
3
Suppose k + 229 = 47. Suppose -3*a - 2*v - 941 = -7*v, 3*v = 2*a + 626. Let g = k - a. What is the tens digit of g?
2
Let s(w) = 236*w**3 + 3*w - 4. Let i be s(2). Suppose 7*c - 17*c + i = 0. What is the hundreds digit of c?
1
Suppose -w + 3 = 3*p, 0 = w - 2*p - 2*p - 3. Suppose k - 7*r + 4*r = 60, 3*k - w*r - 162 = 0. What is the tens digit of k?
5
Let y(p) = -55*p - 203. Let u(w) = -276*w - 1018. Let f(h) = 2*u(h) - 11*y(h). What is the tens digit of f(14)?
3
Let y = 19 + -19. Suppose y*q - 4*q = 108. Let x = 55 - q. What is the units digit of x?
2
Let q = -4221 - -9860. What is the hundreds digit of q?
6
Let j(h) = 26*h**3 - h**2 + 4*h - 3. Let u be j(1). Let c(v) = 2*v**2 - 24*v + 20. What is the hundreds digit of c(u)?
7
Let m = 6214 + -3674. Suppose 35*h - 31*h - m = 0. What is the hundreds digit of h?
6
Suppose 0 = -2*p + p + 8. Suppose 0 = 2*k - 6 - p. Let c(b) = 5*b - 1. What is the units digit of c(k)?
4
Let y(c) be the first derivative of -23*c**4/4 + c**3 + 3*c**2 + 30*c - 120. What is the tens digit of y(-3)?
6
Let p = 486 + -426. What is the hundreds digit of (-5)/(p/(-3196))*12/4?
7
Let v(r) = -r - 4 - 14*r + 3*r + 7*r. Let d be v(-2). Suppose -d*p + 558 = 3*p. What is the tens digit of p?
6
What is the thousands digit of (2 + 1 - 5)/(5 + 2816176/(-563232))?
0
Let x = -518 + 763. Let d(c) = -c**3 + 11*c**2 - 3*c + 17. Let q be d(11). Let a = x + q. What is the hundreds digit of a?
2
Suppose 5*k - 2*g = 685, -3*k + 380 = -0*k + 5*g. Suppose -5*w + 5*b + k = 0, 4*w + 3*b - 109 = -22. Suppose 26*p - w*p = 368. What is the tens digit of p?
8
What is the ten thousands digit of (-286408)/14*(-259)/74?
7
Let q(v) = 364*v + 1214. What is the hundreds digit of q(29)?
7
What is the tens digit of 186219/12 - (-413)/236?
2
Suppose -5*q + 5*v + 19098 = 3003, 0 = 2*q - 5*v - 6444. What is the tens digit of q?
1
Let p be (1/2)/(3/(-12)). Let o be p/(-4)*0/(-6). Let w(r) = r**2 + r + 54. What is the units digit of w(o)?
4
Let u(b) = -b**3 - 16*b**2 - 16*b - 21. Let d be u(-15). What is the tens digit of d - (0/5 - 341)?
3
Suppose -48*v + 34*v = -70. What is the units digit of (-2 - 24/v)/((-8)/120)?
2
What is the tens digit of -9 + 10/20*11706?
4
What is the units digit of (-2 - 36993/(-6))/(5*12/400)?
0
Let r = 5828 - 3476. What is the thousands digit of r?
2
Let b be (-18)/(-4) - (-5 - 27/(-6)). Let d(w) = 85*w + 2. Let i be d(b). Suppose -i = 10*l - 1827. What is the units digit of l?
0
Let m(l) be the third derivative of l**6/40 + l**5/30 + l**4/24 + 7*l**3/6 - 27*l**2. Let u be m(3). Suppose -18*v + u = -17*v. What is the hundreds digit of v?
1
Suppose -2*k + 10 = 2*i, -2*i + 5*i = 5*k - 17. Let w(o) = o**3 + 6*o - 26 + 5 + 13 - k*o**2. What is the tens digit of w(4)?
1
Let w(z) = 13*z**2 - 2*z + 35. What is the units digit of w(-21)?
0
What is the thousands digit of 186*(65/20 - 2)*22?
5
Let o = 112320 + -78135. What is the ten thousands digit of o?
3
Let l(t) = -47*t**2 - 13 + 37*t - 82*t**2 + 107*t**2 + t**3. What is the hundreds digit of l(22)?
8
Let j = 1289 + -824. Suppose 48*z + 531 = 2*q + 45*z, -2*q + 5*z = -529. Let a = j - q. What is the tens digit of a?
9
Suppose 6*k - 20*k = 196. Let l = k + 1106. What is the thousands digit of l?
1
What is the thousands digit of 9 + 623562/20 + (-44)/440?
1
Suppose -d - 59685 = -3*f, 10*d - 15*d = -15. What is the units digit of f?
6
Let o be 6 - (-168)/7*-7. Let i = 263 + o. What is the units digit of i?
1
Let n be (-975)/(-250) - (-1)/10. Let x be 6/(-9)*9/(-2). Suppose -n*j + 2*l + 106 = -x*j, -358 = -3*j - 4*l. What is the units digit of j?
4
Suppose 20 = -4*w - 21*c + 19*c, -5*c - 20 = 0. What is the units digit of (-2431)/w + (-8)/24?
0
Let v(b) = 6*b + 21. Let u = 176 + -179. What is the units digit of v(u)?
3
Suppose 2*q - 9 + 1 = 0. Suppose -3*p = -3*m - 117, 0 = q*m - 7*m - 15. What is the units digit of p?
4
Let j = -22314 + 33112. What is the ten thousands digit of j?
1
Suppose 4*o + 3*a - 112 = -2*a, -5*o = -3*a - 177. What is the tens digit of (o/4)/((-3042)/(-336) - 9)?
5
Let m(j) = 21952*j - 407. What is the thousands digit of m(1)?
1
Let f be -10 + 10 + -4*1. What is the hundreds digit of (-110)/8*(-57 - (f - 9))?
6
What is the hundreds digit of (77987 - -3)/22*(1 - 0)?
5
Let t be 2/(-3) + (-123)/(-9). Let w(r) = -r + 37. Let v be w(t). Suppose -h + 21 = -v. What is the units digit of h?
5
Suppose -4*j + w = -5656, 0 = -0*j + 5*j + 2*w - 7057. Suppose 6743 - j = 10*c. What is the tens digit of c?
3
Let g = -65 + 65. Let h be g/(25/10*8/(-10)). Suppose 4*c - 4*q - 201 - 563 = h, -545 = -3*c - 4*q. What is the units digit of c?
7
Let p(m) = m**3 + 10*m**2 - 10*m + 11. Let r be p(-11). Let j(a) = a**3 - 2*a**2 + 2*a + 117. What is the tens digit of j(r)?
1
Let c = 142 + -141. What is the tens digit of (c - 0)*(28 + 679)?
0
Let w = -73354 - -128199. What is the ten thousands digit of w?
5
Suppose 121*c = 106*c + 66855. Let k = c - 3052. What is the hundreds digit of k?
4
Suppose 2*y - 14 = 492. Suppose -11*d + 1155 = -0*d. Let c = y - d. What is the units digit of c?
8
Let w(u) = 53*u - 91*u**3 - 95*u - 6 + 20*u**2 + 96*u**3. What is the thousands digit of w(6)?
1
Let x(t) = -t**3 + 18*t + 13. Suppose q = 11 - 18. Let d be x(q). Suppose -6*o = -11*o + d. What is the units digit of o?
6
Suppose 0 = -3*z - 3*f + 130080, 2*z + 3*f - 51399 - 35326 = 0. What is the hundreds digit of z?
3
Let l(c) = 2*c**2 - 11*c - 2. Let q be l(6). Suppose -5*j = 2*k + 26, q = -4*j + 3*k - 3. What is the tens digit of (-4)/j*(14 - (-3)/(-3))?
1
What is the thousands digit of 19/(665/(-20)) + (-1136664)/(-56)?
0
Suppose 3*p = 31 - 262. Let i = 79 + p. Suppose w = -4*n + 506, 4*w + 6 = -i. What is the tens digit of n?
2
Suppose -7*f + 78 = 92. Let d(h) = 96*h**2 + 7*h + 5. What is the hundreds digit of d(f)?
3
Let l(p) = 17*p**2 - 3*p + 20. Let m be l(-10). Suppose 4*z + z = m. Suppose -24*d + z = -10*d. What is the tens digit of d?
2
Let c be 6/10 + (-7)/(315/27). Suppose -5*h = -4*u - 160, c = 5*h - 5*u + 46 - 211. What is the tens digit of h?
2
Let g = -66 + 73. Suppose -3*a + g*a = -4, 2*a - 1 = -3*p. What is the tens digit of (3/(-9)*-381)/p?
2
Let x = -308 + 43. Let n = x + 366. What is the units digit of n?
1
Let l = -60296 - -1